 = -8*m + 54*m**2 + 6 + 1 - 53*m**2. Calculate c(f).
-5
Let h(s) = -1367*s + 14 + 1370*s + s**2 - 20. Let r(o) = o**3 + 6*o**2 - o + 4. Let q be r(-6). Let u be (q/(-6))/(1/3). What is h(u)?
4
Let u = 89 + -90. Let j(b) = -b - 1. Let v(s) = -4*s + 1. Let c(f) = -2*j(f) - v(f). What is c(u)?
-5
Suppose -5*t = -4*t + 5*u - 5, -5*t + 25 = 3*u. Let a(s) = s**2 + 2 + 1 + t - 1 + 6*s. What is a(-5)?
2
Let z(k) = 6*k**2 - 29 + 14 - k**3 + 14 + 6. What is z(6)?
5
Let f be 6/8 + (-1782)/(-216). Let g(o) = o**2 - 5*o - 21. What is g(f)?
15
Let p = 35 - 12. Let x(y) = 44*y - 20*y - p*y - 2 - 3. What is x(5)?
0
Let w(g) be the second derivative of -g**5/20 + g**4/2 - 5*g**3/6 - g. Suppose -3*z = 2*a - 10, -3*z + 2*a + 2 + 0 = 0. Suppose b = z*b - 5. Give w(b).
0
Suppose 0 = -3*l - x + 19, 2*x - 10 - 18 = -4*l. Suppose -r + 20 = -3*h, l*h + 36 = 3*h - 5*r. Let y(d) = -d**2 - 6*d + 10. What is y(h)?
-6
Let z be (-264)/22 - (1 + -11). Let h(q) = 5*q + 6. Give h(z).
-4
Let m(u) = -58*u**2 + 21*u**2 + 2*u + 16*u**2 + 20*u**2. Determine m(1).
1
Let x(r) be the first derivative of 8*r**3/3 + 3*r**2/2 + 2*r - 84. What is x(-1)?
7
Let x(o) = o**3 + 23*o**2 + 23*o + 24. Let a be x(-22). Let i(z) = -3*z**2 - z + 1. Determine i(a).
-13
Suppose 0 = -3*x + 204 + 36. Let g = 85 - x. Let n(k) = 3*k + 1. Give n(g).
16
Let h(j) = -3*j - 4. Let w(s) = s**3 + 14*s**2 - 15*s - 3. Let v(b) = b**2 + 10*b + 6. Let p be v(-7). Let m be w(p). Calculate h(m).
5
Suppose -3*v - 2*i = -v - 2, -5*v + 1 = 3*i. Let q(o) = -o**3 + 5*o**2 - 7*o + 11. Let n(j) = -4*j**2 + 6*j - 9. Let a(d) = -6*n(d) - 5*q(d). Give a(v).
-6
Let u = 61 + -98. Let b = -39 - u. Let a(j) be the third derivative of -j**5/60 + j**3/3 + j**2. Calculate a(b).
-2
Let p(g) = 3*g - 2. Let y be (-4)/(-18) + 215/45. Let n(o) = -o**3 + 4*o**2 + 6*o. Let s be n(y). Calculate p(s).
13
Suppose 5 + 2 = 3*u - 2*a, -2 = -u + a. Suppose u + 5 = 2*h. Let t(r) be the third derivative of r**6/120 - r**5/20 - r**4/12 - 5*r**3/6 - 6*r**2. Give t(h).
3
Let o(f) = -44*f**3 - 14*f**2 - 3*f + 8. Let b(p) = 29*p**3 + 9*p**2 + 2*p - 5. Let t(k) = 8*b(k) + 5*o(k). Determine t(-1).
-11
Let d(z) = z**3 + 6*z**2 - 6. Suppose -86 = 81*u + 319. Calculate d(u).
19
Suppose -n = 5*p + 4*n - 25, -5*p + n + 19 = 0. Let q(a) = -5*a**2 + 6*a + 1. Let j(s) = -s**3 + s - 1. Let c(m) = -j(m) + q(m). What is c(p)?
6
Let l(k) be the first derivative of 1/6*k**3 + 3 - 1/12*k**4 + 7*k**2 + 3*k. Let j(b) be the first derivative of l(b). Determine j(0).
14
Let f(w) = -2*w + 86 - 30 - 29 - 21. Give f(-8).
22
Suppose q + 4 = 5*k, 2*k + 3 = 5*q - 0. Let p be (-6)/2 + 18/(-9). Let c be p*(q - 0 - 0). Let x(v) = -v**2 - 8*v - 5. Calculate x(c).
10
Suppose g - 7*p - 18 = 2*g, p - 12 = -5*g. Let v(n) = -2*n**2 + n - 5. Calculate v(g).
-20
Let r(o) = -12*o - 57. Let n(z) = -2*z - 6. Let f(m) = -10*n(m) + 2*r(m). Calculate f(-14).
2
Let i(w) be the third derivative of w**5/60 + 42*w**2. Let c = 6 - 2. Let t = c + -4. What is i(t)?
0
Suppose 0 = -4*f - 25 + 9, -3*j = -f - 13. Let a(n) = 5*n + 4*n**2 + 6 + n - 3*n**2 - j. What is a(-6)?
3
Let t(p) be the third derivative of 0 + 1/6*p**3 + 0*p - 1/24*p**4 + 13*p**2. Determine t(2).
-1
Let k be 2*1/(-2) + 3. Let w(y) be the second derivative of -y**5/20 + y**4/12 - y**3/3 + 3*y**2/2 - 26*y - 8. Calculate w(k).
-5
Let g(l) = l**3 + 2*l**2 - 2*l - 1. Suppose -u + 6*u - 60 = 0. Suppose -y - 30 = 2*y - 4*z, 0 = -4*z. Let j = y + u. What is g(j)?
11
Let o(h) = -h**3 - 5 + 5*h**2 + 1 - 5*h + 0*h**2. Let l(r) = -r**2 + 11*r - 4. Let q be l(11). Let c(a) = a**2 + 4*a + 4. Let n be c(q). Give o(n).
-8
Let o(t) = -3 + 0 - 1 + 7*t - 8*t. Let n be 0 + (-2 - 0 - -5). Suppose 31 = -2*h - 2*v + 7*v, n = 4*h + 3*v. Calculate o(h).
-1
Suppose -2*b = 5*f - 10, 6 = -2*b + 3*f - 0*f. Suppose 25 = 5*o + 2*u - 4*u, b = -3*o + 5*u + 34. Let g(n) = -n**2 + 3. Calculate g(o).
-6
Let z(n) = -n**2 + 3*n + 4. Let f(d) = d**3 - 2*d - 3. Let v be f(3). Suppose 2*h = 4*q - 30, -v = -4*q + 2*q + 2*h. What is z(q)?
-14
Let j be 6/4*(-4)/(-6). Let o(w) = -8*w. Let u(q) = 7*q. Suppose 3*c = -4*c + 28. Let a(r) = c*u(r) + 3*o(r). What is a(j)?
4
Suppose -32 = -4*t - 4*i, 28*t - 4*i - 10 = 25*t. Let h(g) = -g**2 + 6*g + 8. Determine h(t).
8
Let a(u) = -4*u - 4. Let r = 978 + -972. Give a(r).
-28
Let b(m) be the third derivative of -m**6/120 - m**5/10 - 5*m**4/24 + m**3/3 + 39*m**2. Determine b(-5).
2
Let n(k) = k**2 - 18*k - 20. Suppose 4*r - b = -4*b + 66, -4*r - 2*b = -68. What is n(r)?
-20
Let r(t) = -8*t - 1. Suppose 3*c + 684 = 6*c. Suppose 5*p + c = p - 4*b, 2*p + 3*b + 115 = 0. Let o be (-14)/p + (-6)/(-8). Give r(o).
-9
Let k(u) = 6*u**3 - 4*u - 3. Let j be 342/90 - (-2)/10. Let i(g) = 5*g**3 - 3*g - 4. Let v(a) = j*k(a) - 5*i(a). Determine v(0).
8
Suppose 10*o + 6 = 11*o. Let n(h) be the third derivative of -1/6*h**4 - 6*h**2 + 1/10*h**5 + 0 - 5/6*h**3 + 0*h - 1/120*h**o. Determine n(5).
0
Let o(u) = 5*u + 72. Let x be o(-14). Let p(n) = -4*n**3 - 9*n**2 + 2*n - 4. Let s(t) = 3*t**3 + 8*t**2 - 2*t + 3. Let v(b) = 5*p(b) + 6*s(b). What is v(x)?
-10
Let a(c) = c**2 + 3*c - 7. Let n(b) = -b**2 - 9*b - 31. Let i be n(-8). Let q(s) = -s**3 - 24*s**2 - 23*s - 5. Let t be q(i). Calculate a(t).
3
Let l(i) = -10*i**3 - 1 - i - 8*i**2 - 2 + 11*i**3 + 0*i**3 + 7*i**2. Determine l(3).
12
Let q(i) be the third derivative of -i**5/30 + i**4/8 - 7*i**3/6 - 201*i**2. What is q(5)?
-42
Let p = -48 + 52. Suppose 0 = d - p*w - 14, d - 2*w - 5 + 1 = 0. Let x(a) = -a + 5. Calculate x(d).
11
Let p(x) = 7*x - 1. Let z be p(1). Suppose 3*a - 27 = -z. Let q(o) = -o**3 + 6*o**2 + 8*o - 5. Determine q(a).
2
Let r(z) = 2*z**3 + 6*z**2 + 17*z + 51. Let m be r(-3). Let y(d) = -7*d**3 + 6*d - 8. Let v(j) = 6*j**3 - 5*j + 9. Let c(w) = 6*v(w) + 5*y(w). Determine c(m).
14
Suppose -2*x = -7 + 13. Let v be (-5)/(-5)*(4 + x). Let y(j) = -6*j**2 + 2*j. Let q(c) = -13*c**2 + 5*c. Let f(o) = -3*q(o) + 7*y(o). What is f(v)?
-4
Let v(d) = -d**2 + 6*d - 4. Let u be -1*(-2 - 2) - -2. Let w be v(u). Let r(b) = b + 3 - 3 + 7. Give r(w).
3
Let z(s) = -s**3 - 2*s**2 - s + 2. Let x = 19 + -21. Let d be z(x). Let g(c) = 2 - 4 + c - d + 3. Determine g(0).
-3
Let w(b) = -b - 1. Let v be (-3)/(-6)*-10*-1. Suppose -5*s + v*u - 92 = 113, -5*s - 4*u = 187. Let j be (26/s)/(2/(-15)). Determine w(j).
-6
Suppose -18 = x - 10. Let z(t) = t**2 + 12*t + 3. Give z(x).
-29
Let z(o) = o**3 - 21*o**2 + 20*o - 3. Let n(k) = -29*k - 125. Let y be n(-5). Give z(y).
-3
Let k(p) = -6*p + 7. Suppose -2*u + 5*r = 20 - 58, r = 3*u - 31. What is k(u)?
-47
Suppose -4*b = -b + 15, 35 = -2*c + b. Let g be 2/(-10)*-2 - 52/c. Let w(m) = -3*m + 3. Give w(g).
-6
Let l(r) = -r**2 - 5*r - 3. Let b be l(-3). Suppose 5*f + b*v = 5, 2*v + 2 = 2*f + 3*v. Let t(q) = 3*q. Let z(o) = -1. Let y(c) = f*t(c) - 6*z(c). Give y(-4).
-6
Let l(p) = 863*p - 866*p + 4 + 1 - 3. Give l(-3).
11
Suppose -3*f = 3*t + 5 + 10, 3*f = -5*t - 19. Let y(g) be the third derivative of g**6/120 + g**5/15 + g**4/8 - g**3/3 - 2*g**2. Calculate y(f).
-2
Let b(c) = c**3 + 7*c**2 - 8*c + 2. Let h = -684 - -676. Determine b(h).
2
Suppose 0*v = -5*v + 2*i - 36, -i - 2 = 0. Let h be (-26)/(-3) - 74/111. Let g(x) = h + 2 + 5*x**2 + x**3 + 0 + 4*x**2 + 9*x. Determine g(v).
2
Let t(j) be the third derivative of j**4/24 - 5*j**3 + 655*j**2. Calculate t(17).
-13
Let t be (24/10)/(2/(-10)). Let m = t - -13. Let b(q) = 2*q**3 + 2*q**2 - 2*q + 1. What is b(m)?
3
Let h(x) = -8*x**3 - 30*x**2 - 5*x + 21. Let b(v) = 7*v**3 + 29*v**2 + 4*v - 20. Let f(k) = -6*b(k) - 5*h(k). What is f(-12)?
3
Suppose y + 4*n - 8 = 0, 4*n = 2*y - n - 3. Let w(z) = -y + 0*z + 9 + 2*z - 3. Give w(-2).
-2
Let n(c) = c**3 + 11*c**2 - 11*c + 9. Suppose 3*x = 3*m - 48, 5 = m + 1. What is n(x)?
-3
Let h(j) = -j**3 - 7*j**2 + 10*j + 7. Let z be h(-9). Let w = z - 68. Let q(k) = -k**2 + 11*k + 3. Calculate q(w).
3
Let i(c) = -6*c**3 + c**2 - 2*c + 1. Let y = -15 - -16. Let q be i(y). Let j(a) = -a + 3. Determine j(q).
9
Let s(o) = o**2 - 3*o - 4. Let p be s(5). Suppose -p*r - 16 = -2*r. Let z(j) = -j**2 - 4*j - 3. What is z(r)?
-3
Let z = 151 + -141. Let a(g) = -g - 10. Give a(z).
-20
Let k = 43 - 25. Suppose z + 5 = 0, -4*z - 100 = 5*b + z. Let r be ((-25)/b)/(5/k). Let i(v) = v**2 - 5*v + 6. Determine i